{"id":4306,"date":"2021-09-06T09:42:08","date_gmt":"2021-09-06T12:42:08","guid":{"rendered":"https:\/\/imprentadubie.com.ar\/web\/?page_id=4306"},"modified":"2022-02-16T12:33:23","modified_gmt":"2022-02-16T15:33:23","slug":"puntos-adicionales-club-d","status":"publish","type":"page","link":"https:\/\/imprentadubie.com.ar\/web\/puntos-adicionales-club-d\/","title":{"rendered":"Puntos Adicionales Club-D"},"content":{"rendered":"\t\t<div data-elementor-type=\"wp-page\" data-elementor-id=\"4306\" class=\"elementor elementor-4306\" data-elementor-post-type=\"page\">\n\t\t\t\t\t\t<section class=\"elementor-section elementor-top-section elementor-element elementor-element-a4746f3 elementor-section-boxed elementor-section-height-default elementor-section-height-default\" data-id=\"a4746f3\" data-element_type=\"section\" data-e-type=\"section\">\n\t\t\t\t\t\t<div class=\"elementor-container elementor-column-gap-default\">\n\t\t\t\t\t<div class=\"elementor-column elementor-col-100 elementor-top-column elementor-element elementor-element-cd12605\" data-id=\"cd12605\" data-element_type=\"column\" data-e-type=\"column\">\n\t\t\t<div class=\"elementor-widget-wrap elementor-element-populated\">\n\t\t\t\t\t\t<div class=\"elementor-element elementor-element-3c1338a elementor-widget elementor-widget-heading\" data-id=\"3c1338a\" data-element_type=\"widget\" data-e-type=\"widget\" data-widget_type=\"heading.default\">\n\t\t\t\t<div class=\"elementor-widget-container\">\n\t\t\t\t\t<h1 class=\"elementor-heading-title elementor-size-default\">Puntos Adicionales Club-D<\/h1>\t\t\t\t<\/div>\n\t\t\t\t<\/div>\n\t\t\t\t\t<\/div>\n\t\t<\/div>\n\t\t\t\t\t<\/div>\n\t\t<\/section>\n\t\t\t\t<section class=\"elementor-section elementor-top-section elementor-element elementor-element-b406e68 elementor-section-boxed elementor-section-height-default elementor-section-height-default\" data-id=\"b406e68\" data-element_type=\"section\" data-e-type=\"section\">\n\t\t\t\t\t\t<div class=\"elementor-container elementor-column-gap-default\">\n\t\t\t\t\t<div class=\"elementor-column elementor-col-100 elementor-top-column elementor-element elementor-element-ddbdc2a\" data-id=\"ddbdc2a\" data-element_type=\"column\" data-e-type=\"column\">\n\t\t\t<div class=\"elementor-widget-wrap elementor-element-populated\">\n\t\t\t\t\t\t<div class=\"elementor-element elementor-element-dc639b3 elementor-widget elementor-widget-heading\" data-id=\"dc639b3\" data-element_type=\"widget\" data-e-type=\"widget\" data-widget_type=\"heading.default\">\n\t\t\t\t<div class=\"elementor-widget-container\">\n\t\t\t\t\t<h3 class=\"elementor-heading-title elementor-size-default\">Reclam\u00e1 tus Puntos Adicionales Club-D completando el siguiente formulario<\/h3>\t\t\t\t<\/div>\n\t\t\t\t<\/div>\n\t\t\t\t\t<\/div>\n\t\t<\/div>\n\t\t\t\t\t<\/div>\n\t\t<\/section>\n\t\t\t\t<section class=\"elementor-section elementor-top-section elementor-element elementor-element-b9c6b92 elementor-section-boxed elementor-section-height-default elementor-section-height-default\" data-id=\"b9c6b92\" data-element_type=\"section\" data-e-type=\"section\">\n\t\t\t\t\t\t<div class=\"elementor-container elementor-column-gap-default\">\n\t\t\t\t\t<div class=\"elementor-column elementor-col-100 elementor-top-column elementor-element elementor-element-7dfa83b\" data-id=\"7dfa83b\" data-element_type=\"column\" data-e-type=\"column\">\n\t\t\t<div class=\"elementor-widget-wrap elementor-element-populated\">\n\t\t\t\t\t\t<div class=\"elementor-element elementor-element-fe4fdae elementor-button-align-start elementor-widget elementor-widget-form\" data-id=\"fe4fdae\" data-element_type=\"widget\" data-e-type=\"widget\" data-settings=\"{&quot;step_next_label&quot;:&quot;Siguiente&quot;,&quot;step_previous_label&quot;:&quot;Anterior&quot;,&quot;button_width&quot;:&quot;100&quot;,&quot;step_type&quot;:&quot;number_text&quot;,&quot;step_icon_shape&quot;:&quot;circle&quot;}\" data-widget_type=\"form.default\">\n\t\t\t\t<div class=\"elementor-widget-container\">\n\t\t\t\t\t\t\t<form class=\"elementor-form\" method=\"post\" id=\"reclamo_puntos_adicionales\" name=\"reclamo-puntos-adicionales\" aria-label=\"reclamo-puntos-adicionales\">\n\t\t\t<input type=\"hidden\" name=\"post_id\" value=\"4306\"\/>\n\t\t\t<input type=\"hidden\" name=\"form_id\" value=\"fe4fdae\"\/>\n\t\t\t<input type=\"hidden\" name=\"referer_title\" value=\"Puntos Adicionales Club-D\" \/>\n\n\t\t\t\t\t\t\t<input type=\"hidden\" name=\"queried_id\" value=\"4306\"\/>\n\t\t\t\n\t\t\t<div class=\"elementor-form-fields-wrapper elementor-labels-above\">\n\t\t\t\t\t\t\t\t<div class=\"elementor-field-type-text elementor-field-group elementor-column elementor-field-group-nombre_rpa elementor-col-50 elementor-field-required elementor-mark-required\">\n\t\t\t\t\t\t\t\t\t\t\t\t<label for=\"form-field-nombre_rpa\" class=\"elementor-field-label\">\n\t\t\t\t\t\t\t\tNombre\t\t\t\t\t\t\t<\/label>\n\t\t\t\t\t\t\t\t\t\t\t\t\t\t<input size=\"1\" type=\"text\" name=\"form_fields[nombre_rpa]\" id=\"form-field-nombre_rpa\" class=\"elementor-field elementor-size-sm  elementor-field-textual\" placeholder=\"Nombre\" required=\"required\">\n\t\t\t\t\t\t\t\t\t\t\t<\/div>\n\t\t\t\t\t\t\t\t<div class=\"elementor-field-type-text elementor-field-group elementor-column elementor-field-group-apellido_rpa elementor-col-50 elementor-field-required elementor-mark-required\">\n\t\t\t\t\t\t\t\t\t\t\t\t<label for=\"form-field-apellido_rpa\" class=\"elementor-field-label\">\n\t\t\t\t\t\t\t\tApellido\t\t\t\t\t\t\t<\/label>\n\t\t\t\t\t\t\t\t\t\t\t\t\t\t<input size=\"1\" type=\"text\" name=\"form_fields[apellido_rpa]\" id=\"form-field-apellido_rpa\" class=\"elementor-field elementor-size-sm  elementor-field-textual\" placeholder=\"Apellido\" required=\"required\">\n\t\t\t\t\t\t\t\t\t\t\t<\/div>\n\t\t\t\t\t\t\t\t<div class=\"elementor-field-type-email elementor-field-group elementor-column elementor-field-group-email_rpa elementor-col-50 elementor-field-required elementor-mark-required\">\n\t\t\t\t\t\t\t\t\t\t\t\t<label for=\"form-field-email_rpa\" class=\"elementor-field-label\">\n\t\t\t\t\t\t\t\tCorreo electr\u00f3nico correspondiente a la cuenta donde se van a acreditar los puntos\t\t\t\t\t\t\t<\/label>\n\t\t\t\t\t\t\t\t\t\t\t\t\t\t<input size=\"1\" type=\"email\" name=\"form_fields[email_rpa]\" id=\"form-field-email_rpa\" class=\"elementor-field elementor-size-sm  elementor-field-textual\" placeholder=\"Correo electr\u00f3nico\" required=\"required\">\n\t\t\t\t\t\t\t\t\t\t\t<\/div>\n\t\t\t\t\t\t\t\t<div class=\"elementor-field-type-number elementor-field-group elementor-column elementor-field-group-telefono_rpa elementor-col-50 elementor-field-required elementor-mark-required\">\n\t\t\t\t\t\t\t\t\t\t\t\t<label for=\"form-field-telefono_rpa\" class=\"elementor-field-label\">\n\t\t\t\t\t\t\t\tTel\u00e9fono\t\t\t\t\t\t\t<\/label>\n\t\t\t\t\t\t\t\t\t<input type=\"number\" name=\"form_fields[telefono_rpa]\" id=\"form-field-telefono_rpa\" class=\"elementor-field elementor-size-sm  elementor-field-textual\" placeholder=\"11-1111-1111\" required=\"required\" min=\"\" max=\"\" >\n\t\t\t\t\t\t<\/div>\n\t\t\t\t\t\t\t\t<div class=\"elementor-field-type-checkbox elementor-field-group elementor-column elementor-field-group-motivo_rpa elementor-col-100\">\n\t\t\t\t\t\t\t\t\t\t\t\t<label for=\"form-field-motivo_rpa\" class=\"elementor-field-label\">\n\t\t\t\t\t\t\t\tMotivo del reclamo de puntos adicionales\t\t\t\t\t\t\t<\/label>\n\t\t\t\t\t\t<div class=\"elementor-field-subgroup  \"><span class=\"elementor-field-option\"><input type=\"checkbox\" value=\"Me registr\u00e9 en la Tienda Online\" id=\"form-field-motivo_rpa-0\" name=\"form_fields[motivo_rpa][]\"> <label for=\"form-field-motivo_rpa-0\">Me registr\u00e9 en la Tienda Online<\/label><\/span><span class=\"elementor-field-option\"><input type=\"checkbox\" value=\"Me suscrib\u00ed al Newsletter de Club-D\" id=\"form-field-motivo_rpa-1\" name=\"form_fields[motivo_rpa][]\"> <label for=\"form-field-motivo_rpa-1\">Me suscrib\u00ed al Newsletter de Club-D<\/label><\/span><span class=\"elementor-field-option\"><input type=\"checkbox\" value=\"Abon\u00e9 mi compra por transferencia bancaria\" id=\"form-field-motivo_rpa-2\" name=\"form_fields[motivo_rpa][]\"> <label for=\"form-field-motivo_rpa-2\">Abon\u00e9 mi compra por transferencia bancaria<\/label><\/span><span class=\"elementor-field-option\"><input type=\"checkbox\" value=\"Hice una compra igual o superior a $5.000,00 (pesos cinco mil)\" id=\"form-field-motivo_rpa-3\" name=\"form_fields[motivo_rpa][]\"> <label for=\"form-field-motivo_rpa-3\">Hice una compra igual o superior a $5.000,00 (pesos cinco mil)<\/label><\/span><span class=\"elementor-field-option\"><input type=\"checkbox\" value=\"Le d\u00ed una valoraci\u00f3n a un producto que compr\u00e9 en la Tienda Online\" id=\"form-field-motivo_rpa-4\" name=\"form_fields[motivo_rpa][]\"> <label for=\"form-field-motivo_rpa-4\">Le d\u00ed una valoraci\u00f3n a un producto que compr\u00e9 en la Tienda Online<\/label><\/span><span class=\"elementor-field-option\"><input type=\"checkbox\" value=\"Le d\u00ed una valoraci\u00f3n en Google Mi Negocio a DUBI\u00c9 Industria Gr\u00e1fica de 4 o 5 estrellas\" id=\"form-field-motivo_rpa-5\" name=\"form_fields[motivo_rpa][]\"> <label for=\"form-field-motivo_rpa-5\">Le d\u00ed una valoraci\u00f3n en Google Mi Negocio a DUBI\u00c9 Industria Gr\u00e1fica de 4 o 5 estrellas<\/label><\/span><span class=\"elementor-field-option\"><input type=\"checkbox\" value=\"Empec\u00e9 a seguir a DUBI\u00c9 Industria Gr\u00e1fica en las Redes Sociales (Facebook e Instagram)\" id=\"form-field-motivo_rpa-6\" name=\"form_fields[motivo_rpa][]\"> <label for=\"form-field-motivo_rpa-6\">Empec\u00e9 a seguir a DUBI\u00c9 Industria Gr\u00e1fica en las Redes Sociales (Facebook e Instagram)<\/label><\/span><span class=\"elementor-field-option\"><input type=\"checkbox\" value=\"Le saqu\u00e9 una foto al producto que compr\u00e9 en la Tienda Online y etiquet\u00e9 a DUBI\u00c9 Industria Gr\u00e1fica en las Redes Sociales.\" id=\"form-field-motivo_rpa-7\" name=\"form_fields[motivo_rpa][]\"> <label for=\"form-field-motivo_rpa-7\">Le saqu\u00e9 una foto al producto que compr\u00e9 en la Tienda Online y etiquet\u00e9 a DUBI\u00c9 Industria Gr\u00e1fica en las Redes Sociales.<\/label><\/span><span class=\"elementor-field-option\"><input type=\"checkbox\" value=\"Los recomend\u00e9 con un amigo (cuando se registra en nuestra Tienda Online, nos tiene que escribir diciendo que se dio de alta y que viene de parte tuya)\" id=\"form-field-motivo_rpa-8\" name=\"form_fields[motivo_rpa][]\"> <label for=\"form-field-motivo_rpa-8\">Los recomend\u00e9 con un amigo (cuando se registra en nuestra Tienda Online, nos tiene que escribir diciendo que se dio de alta y que viene de parte tuya)<\/label><\/span><\/div>\t\t\t\t<\/div>\n\t\t\t\t\t\t\t\t<div class=\"elementor-field-type-textarea elementor-field-group elementor-column elementor-field-group-observaciones_rpa elementor-col-100\">\n\t\t\t\t\t\t\t\t\t\t\t\t<label for=\"form-field-observaciones_rpa\" class=\"elementor-field-label\">\n\t\t\t\t\t\t\t\tObservaciones (opcional)\t\t\t\t\t\t\t<\/label>\n\t\t\t\t\t\t<textarea class=\"elementor-field-textual elementor-field  elementor-size-sm\" name=\"form_fields[observaciones_rpa]\" id=\"form-field-observaciones_rpa\" rows=\"6\" placeholder=\"Observaciones (opcional)\"><\/textarea>\t\t\t\t<\/div>\n\t\t\t\t\t\t\t\t<div class=\"elementor-field-type-recaptcha_v3 elementor-field-group elementor-column elementor-field-group-verificacion_rpa elementor-col-100 recaptcha_v3-inline\">\n\t\t\t\t\t<div class=\"elementor-field\" id=\"form-field-verificacion_rpa\"><div class=\"elementor-g-recaptcha\" data-sitekey=\"6LepaIEeAAAAAJd6dFGbWkrLppnExOHMctZIOfLF\" data-type=\"v3\" data-action=\"Form\" data-badge=\"inline\" data-size=\"invisible\"><\/div><\/div>\t\t\t\t<\/div>\n\t\t\t\t\t\t\t\t<div class=\"elementor-field-group elementor-column elementor-field-type-submit elementor-col-100 e-form__buttons\">\n\t\t\t\t\t<button class=\"elementor-button elementor-size-sm\" type=\"submit\" id=\"reclamar_puntos_adicionales_rpa\">\n\t\t\t\t\t\t<span class=\"elementor-button-content-wrapper\">\n\t\t\t\t\t\t\t\t\t\t\t\t\t\t\t\t\t\t\t\t\t\t<span class=\"elementor-button-text\">Reclamar Puntos Adicionales<\/span>\n\t\t\t\t\t\t\t\t\t\t\t\t\t<\/span>\n\t\t\t\t\t<\/button>\n\t\t\t\t<\/div>\n\t\t\t<\/div>\n\t\t<\/form>\n\t\t\t\t\t\t<\/div>\n\t\t\t\t<\/div>\n\t\t\t\t\t<\/div>\n\t\t<\/div>\n\t\t\t\t\t<\/div>\n\t\t<\/section>\n\t\t\t\t<section class=\"elementor-section elementor-top-section elementor-element elementor-element-d68648f elementor-section-boxed elementor-section-height-default elementor-section-height-default\" data-id=\"d68648f\" data-element_type=\"section\" data-e-type=\"section\">\n\t\t\t\t\t\t<div class=\"elementor-container elementor-column-gap-default\">\n\t\t\t\t\t<div class=\"elementor-column elementor-col-100 elementor-top-column elementor-element elementor-element-4287638\" data-id=\"4287638\" data-element_type=\"column\" data-e-type=\"column\">\n\t\t\t<div class=\"elementor-widget-wrap elementor-element-populated\">\n\t\t\t\t\t\t<div class=\"elementor-element elementor-element-e3aeaa6 elementor-widget elementor-widget-spacer\" data-id=\"e3aeaa6\" data-element_type=\"widget\" data-e-type=\"widget\" data-widget_type=\"spacer.default\">\n\t\t\t\t<div class=\"elementor-widget-container\">\n\t\t\t\t\t\t\t<div class=\"elementor-spacer\">\n\t\t\t<div class=\"elementor-spacer-inner\"><\/div>\n\t\t<\/div>\n\t\t\t\t\t\t<\/div>\n\t\t\t\t<\/div>\n\t\t\t\t\t<\/div>\n\t\t<\/div>\n\t\t\t\t\t<\/div>\n\t\t<\/section>\n\t\t\t\t<\/div>\n\t\t","protected":false},"excerpt":{"rendered":"<p>Puntos Adicionales Club-D Reclam\u00e1 tus Puntos Adicionales Club-D completando el siguiente formulario<\/p>\n","protected":false},"author":2,"featured_media":0,"parent":0,"menu_order":0,"comment_status":"closed","ping_status":"closed","template":"","meta":{"footnotes":""},"class_list":["post-4306","page","type-page","status-publish","hentry"],"_links":{"self":[{"href":"https:\/\/imprentadubie.com.ar\/web\/wp-json\/wp\/v2\/pages\/4306","targetHints":{"allow":["GET"]}}],"collection":[{"href":"https:\/\/imprentadubie.com.ar\/web\/wp-json\/wp\/v2\/pages"}],"about":[{"href":"https:\/\/imprentadubie.com.ar\/web\/wp-json\/wp\/v2\/types\/page"}],"author":[{"embeddable":true,"href":"https:\/\/imprentadubie.com.ar\/web\/wp-json\/wp\/v2\/users\/2"}],"replies":[{"embeddable":true,"href":"https:\/\/imprentadubie.com.ar\/web\/wp-json\/wp\/v2\/comments?post=4306"}],"version-history":[{"count":16,"href":"https:\/\/imprentadubie.com.ar\/web\/wp-json\/wp\/v2\/pages\/4306\/revisions"}],"predecessor-version":[{"id":5669,"href":"https:\/\/imprentadubie.com.ar\/web\/wp-json\/wp\/v2\/pages\/4306\/revisions\/5669"}],"wp:attachment":[{"href":"https:\/\/imprentadubie.com.ar\/web\/wp-json\/wp\/v2\/media?parent=4306"}],"curies":[{"name":"wp","href":"https:\/\/api.w.org\/{rel}","templated":true}]}}